tens digit of r?
1
Let g be (-9 - -9) + 12/1. Let v = 27 - g. Let f(i) = i**3 - 16*i**2 + 16*i + 21. What is the tens digit of f(v)?
3
Let j(f) be the third derivative of f**6/120 + f**5/5 - 7*f**4/12 + 6*f**2. What is the units digit of j(-13)?
3
Let x = -123 + 322. Suppose -4*i - 215 = -7*i + 5*g, -x = -3*i + g. What is the tens digit of i?
6
Let u(o) = -130*o + 2. Let p be u(13). What is the units digit of (-6)/21 + p/(-28)?
0
Let m be (1*1/2)/((-38)/(-58520)). What is the tens digit of m/7 - (-3 - (-1 - 2))?
1
Suppose 0 = -j - 4*l + 1180, -4*j + 2*l = -3*l - 4783. What is the units digit of j?
2
Let j be 0/1 + -3 - (-7 + 451). Let t = -272 - j. What is the hundreds digit of t?
1
Let r be (-2)/3 - (-10)/(-30). Let a be (2 + r)*-2 + 1. What is the units digit of 3/((-2)/(-4) - a)?
2
Let y be ((-1)/3 - (-5)/60)*-4. What is the tens digit of (21/(-15))/(y/(-25))?
3
Let k = 2 - 2. Let o be k + 63 + -3 - 3. Let p = -30 + o. What is the units digit of p?
7
Suppose -306 = -11*w + 5832. What is the units digit of w?
8
Let q(v) = -v**3 + 30*v**2 + 112*v - 12. What is the units digit of q(33)?
7
Let c be 3/((-9)/(-267)) - -5. Suppose 0 = 89*s - c*s + 655. What is the hundreds digit of s?
1
Suppose 3*g + 4*r = -0*g + 7, -5*r + 5 = 0. Suppose -35 + 3 = 4*c. What is the units digit of (-3 - c) + g - -2?
8
What is the units digit of 1/(2*(-8)/(-18032))?
7
Suppose -s = 3*l - 4229, 10*s - 9*s - 3*l - 4223 = 0. What is the hundreds digit of s?
2
Suppose -173 - 3347 = -4*w. Suppose w = -0*v + 8*v. What is the units digit of v?
0
Let h be -50 + (2 - -1 - 1). Let d = h - -124. What is the units digit of d?
6
What is the hundreds digit of -129*(-1 + -4 + (-2 - -4))?
3
Let q(n) = 6*n + 6. What is the tens digit of q(1)?
1
Suppose -5*r - 2*k + 1950 = 0, -3*k + 162 = r - 215. What is the units digit of r?
2
Let m be 334/((48/9)/(-8)). Let q = -356 - m. What is the units digit of q?
5
What is the units digit of 14/21*900 + -6 + 1?
5
Suppose 4*p - 61*n - 7687 = -66*n, 3824 = 2*p - 4*n. What is the units digit of p?
8
Suppose 3696*l - 3686*l = 14420. What is the thousands digit of l?
1
Suppose -3*k + 3 = 9. What is the units digit of (53 - k*(-3 + 4)) + -2?
3
Suppose -6*x = -2574 - 34512. What is the units digit of x?
1
Suppose -131 = 4*f + 4*b + 21, 5*f = -3*b - 186. Let n = f + 64. What is the units digit of n?
8
Let t be (12/(-8 - -4))/(-1). Suppose -2*c + i = -334, 0*c - 4*i + 501 = t*c. What is the tens digit of c?
6
Suppose 0 = -5*g + 8*g + 48. Let h = g + 19. What is the units digit of 35 - h/2*-2?
8
Let z(y) = y**2 - 6*y + 9. Let h be (-5)/(5/(-12))*1. Suppose h = p + p. What is the units digit of z(p)?
9
Let s(b) = -b**3 - 10*b**2 + b + 9. Let x be s(-10). What is the tens digit of (0 + x)*(-45 + 4)?
4
Let s(o) be the first derivative of -o**4/4 + 11*o**3/3 - o**2/2 + 23*o - 6. What is the units digit of s(11)?
2
Let y(v) = 12*v**2 - 17*v + 15. What is the hundreds digit of y(6)?
3
Suppose -3*n + p = -447, p + 149 = n + 5*p. What is the units digit of n?
9
Suppose 7 = 3*a - a - t, -9 = -3*a + 3*t. Suppose 0 = 2*u + 5*q - 5, -a*u + 15 = -2*u - 5*q. Suppose 29 - 134 = -u*z. What is the units digit of z?
1
Let l(h) = 12*h**2 - 9*h - 29. What is the tens digit of l(6)?
4
Let c be (-8)/(-12) - 393/9. Let x = c + 8. Let k = x + 52. What is the tens digit of k?
1
Let x = 3091 - 1700. What is the units digit of x?
1
Let h(g) = -g**2 + 17*g - 12. Let i be h(11). Let p(y) = -8*y - 4. Let k be p(4). Let q = k + i. What is the units digit of q?
8
Suppose -2*l + 31 = -3*z, 4*z + 4 - 76 = -3*l. Suppose -17*q = -l*q + 6. Suppose -2*r - 3*r + 105 = 4*f, 0 = 3*f - q*r - 96. What is the tens digit of f?
3
Let q(k) = -74*k + 10. Let j be q(-4). Suppose 0 = 12*s + j - 2070. What is the tens digit of s?
4
Let b(g) = -4*g + 54. Let u be b(13). Suppose 271 = -u*f + 793. What is the hundreds digit of f?
2
Let a = -253 + 695. What is the tens digit of a?
4
Let m be (-390)/33 + 14/(-77). Suppose -3*q = 4*o - 16, -3*q - 3*o = 2*o - 20. What is the tens digit of (q + 2)/(m/(-78))?
1
Let q(i) = i**3 - 7*i**2 - 8*i - 4. Let a be q(8). Let v be (-1 - (7 + a)) + 6. What is the units digit of 6 - (v - (-2)/2)?
3
Suppose -3*i + 3552 = 3*h, 27*h + 2365 = 2*i + 30*h. What is the thousands digit of i?
1
Let d be (-4)/(-6)*(2 + 7). Suppose 0 = -4*q - z - 113, q + d = 5*z + 4. What is the units digit of (6 - q)/((-6)/(-4))?
2
What is the units digit of (2224/(-20))/((-6)/15)?
8
What is the tens digit of 6/8*(-672)/(-36)?
1
Let d(u) = -2*u**2 - 11*u - 6. Let x(h) = -h**2 + h - 1. Let q(v) = -d(v) - 2*x(v). What is the units digit of q(-5)?
3
Suppose 0 = 4*d - 0*d + 36. Let c = d - -1. Let i(l) = -3*l - 12. What is the tens digit of i(c)?
1
Suppose 6*v = 5*j + 3*v - 8469, -5*v = -10. What is the thousands digit of j?
1
Suppose 3*a + 8 = 4*g, 5*g - 3 - 7 = -3*a. Let h(z) = -z + 30. What is the tens digit of h(a)?
3
Let n(p) = 8*p**3 - p**2 - 2*p. Suppose -j - 2 = -3*c + 1, -c - 4*j + 14 = 0. What is the tens digit of n(c)?
5
Let i = 2863 - 1923. What is the units digit of i?
0
Let j(g) = 17*g**2 - 5*g + 2. Let d(o) = -18*o**2 + 6*o - 2. Let l(k) = 4*d(k) + 5*j(k). What is the units digit of l(-2)?
6
Suppose -4*v = -3*n + 7289, 7290 = 223*n - 220*n - 3*v. What is the hundreds digit of n?
4
What is the hundreds digit of 1*(2 + 1) - -251?
2
Let i(c) = -1061*c**3 + 9*c**2 + 5*c - 4. What is the tens digit of i(-1)?
6
Suppose 0 = -3*r + 4*t - 150 - 50, 3*t = -3. Let s = r - -129. What is the tens digit of s?
6
Suppose -2*p - 415 - 147 = 0. What is the tens digit of -3*p*1/3?
8
Let w be 80/(-25)*1 - (-16)/(-20). Let v(d) = -3*d**2 - 3 - 2*d + 0*d + 4*d**2. What is the tens digit of v(w)?
2
Let k(o) = 4*o + 482. What is the units digit of k(-50)?
2
Let s = -20 + 25. Suppose 0 = -v + s*p + 84 - 31, p + 217 = 5*v. What is the units digit of v?
3
Let x be ((-4)/(-3))/((-10)/(-15)). Suppose 0*c - 2*s - x = -c, -2*s + 22 = 3*c. What is the units digit of 26 + (3 - (c - 2))?
5
Suppose -5*d - 1335 = -2*x, -4*d - 1365 = -2*x - 9*d. What is the tens digit of x?
7
Let p(t) = -4*t + 27. Let u be p(13). Let i = u - -40. What is the units digit of i?
5
Let s = 989 - 328. What is the hundreds digit of s?
6
Let t(z) = 17*z**3 - 4*z**2 + 5. What is the hundreds digit of t(3)?
4
Let q(r) = -r**2 + 23*r + 7. Let j be q(27). Suppose 0 = -2*y + i + 296, 0*i + i = -y + 154. Let s = j + y. What is the tens digit of s?
4
Suppose 4*g + 3*u - 604 = 0, -g + 5*u = 2*u - 136. What is the units digit of g?
8
Let q(g) = 45*g. Let d be q(4). Suppose d = -5*h + 825. What is the tens digit of h?
2
Let b be (12 - 10)*(18/4 + 1). Suppose 0 = 4*d - b*d + 399. What is the units digit of d?
7
Suppose 4760 = 18*w - w. What is the hundreds digit of w?
2
What is the thousands digit of ((-60585)/(-6))/7*(-30)/(-25)?
1
Let w be (397 - (-15)/(-5)) + 2. Let s = w - 260. What is the units digit of s?
6
What is the hundreds digit of 30471/105 + (-1)/(-5)*-1?
2
Suppose 0 = -q + 2*c - 72, -4*q - 6*c - 255 = -3*c. What is the tens digit of (0 - q) + (-4)/(-4)?
6
Suppose -3*d - k + 15 = 0, -2*d + k = -6*d + 21. Let l(p) = 3*p**2 - p - 6. What is the tens digit of l(d)?
9
Suppose -11*f - 904 = -15*f. What is the tens digit of f?
2
Let t(f) = -270*f + 504. What is the thousands digit of t(-5)?
1
Let b(h) = 3*h - 9. Let u = 34 + -20. What is the units digit of b(u)?
3
Let v(u) = 84*u**2 + 8*u - 9. What is the tens digit of v(2)?
4
Let u = 5 - 2. Suppose -3*z + 76 = -z + w, -5*w - 190 = -5*z. Suppose 2*j - z = -u*t, 5*j = 3*t + 4*j - 35. What is the tens digit of t?
1
Suppose z + 4*z - 4*i - 9 = 0, 0 = -i - 1. Let f(m) = 30*m**3 + m**2 - 4*m + 3. What is the units digit of f(z)?
0
Suppose -2*p - 6 = -8*o + 4*o, 3*o = 4*p + 2. Suppose 0 = s - 0*s. Suppose -o*u + 2 + 20 = s. What is the units digit of u?
1
Let a(o) = -33*o + 1145. What is the tens digit of a(-28)?
6
Suppose -4*x - 485 + 26 = -3*z, -2*x + 306 = 2*z. What is the hundreds digit of z?
1
Suppose 9 = v + 2*v. Let y be v - 0 - (-7 - 2). What is the units digit of ((-4)/y)/(2/(-132))?
2
Let y = -1 + 13. Let b be 2/(y/(-26))*18. Let f = -39 - b. What is the tens digit of f?
3
Let g = -117 + 186. Suppose 5*y + 105 = o, -4*y + g = o - 81. Suppose p - 5*r - o = -2*p, 4*r = 4. What is the tens digit of 